{"id":9,"date":"2011-02-07T08:39:15","date_gmt":"2011-02-07T07:39:15","guid":{"rendered":"http:\/\/www.mrprotokoll.de\/?page_id=9"},"modified":"2011-02-09T14:40:20","modified_gmt":"2011-02-09T13:40:20","slug":"impressum","status":"publish","type":"page","link":"https:\/\/www.mrprotokoll.de\/?page_id=9","title":{"rendered":"Impressum"},"content":{"rendered":"<p style=\"text-align: left;\">Als Betreiber dieser Homepage gilt<\/p>\n<p style=\"text-align: left;\">Sven Schmidt<br \/>\nB\u00f6tenberger Strasse 180<br \/>\n31613 Wietzen<\/p>\n<p style=\"text-align: left;\">Email: sven.schmidt@mrprotokoll.de<\/p>\n<p style=\"text-align: left;\">Der Webmaster dieser Seiten weist darauf hin, das die Links zu externen Anbietern f\u00fchren,<br \/>\nsobald der Rahmen verlassen wird, wird keine Haftung \u00fcbernommen. F\u00fcr den Inhalt der verlinkten Seiten sind die jeweiligen Autoren verantwortlich, der Webmaster \u00fcbernimmt keine Verantwortung f\u00fcr die Richtigkeit bzw. Aktualit\u00e4t des Inhalts, f\u00fcr die Rechtm\u00e4ssigkeit oder die Erf\u00fcllung von Urheberrechtsbestimmungen dieser Seiten. Insbesondere macht sich\u00a0 der Webmaster die fremden Inhalte nicht zueigen.<\/p>\n<p style=\"text-align: left;\">Der Webmaster haftet dem Nutzer nicht f\u00fcr die Richtigkeit die in dieser Domain enthaltenen Informationen oder Verweise. Eine Haftung f\u00fcr Sch\u00e4den, die durch die Benutzung des\u00a0 Link-Katalogs entstehen k\u00f6nnten, wird nicht \u00fcbernommen. Der Webmaster distanziert sich ausdr\u00fccklich von eventuell rechtswidrigen Inhalten der verlinkten Seiten. Der Webmaster bewertet den Inhalt dieser Seiten nur zum Zeitpunkt der Aufnahme in den Link-Katalog, eine sp\u00e4tere \u00c4nderung kann nicht \u00fcberpr\u00fcft werden.<\/p>\n<p style=\"text-align: left;\">Auch eine Marken- oder Urheberrechtsverletzung durch externe Anbieter ist dem Webmaster nicht bekannt. Sollten Sie dennoch eine Verletzung als gegeben ansehen, bitte ich um einen Hinweis. Die private Nutzung dieser Seiten ist frei. Diese Linksammlung stellt im Sinne der derzeitige Rechtsprechung zumindest eine kleine Datenbank dar, welche nach \u00a7 87a ff. UrhG gesch\u00fctzt ist. Soweit Inhalte bzw. Datens\u00e4tze aus dieser Domain in eigene Seiten eingestellt oder anderweitig reproduziert werden sollen, ist eine Erlaubnis des Webmasters erforderlich.<\/p>\n<p style=\"text-align: left;\">Der Webmaster h\u00e4lt Copyright sowohl an Text, Bildern als auch am Design der Seite.<\/p>\n<p style=\"text-align: left;\">Anschrift des Webmasters:<br \/>\nSven Schmidt<br \/>\nB\u00f6tenberger Strasse 180<br \/>\n31613 Wietzen<\/p>\n<p style=\"text-align: left;\">Email: sven.schmidt@mrprotokoll.de<\/p>\n","protected":false},"excerpt":{"rendered":"<p>Als Betreiber dieser Homepage gilt Sven Schmidt B\u00f6tenberger Strasse 180 31613 Wietzen Email: sven.schmidt@mrprotokoll.de Der Webmaster dieser Seiten weist darauf hin, das die Links zu externen Anbietern f\u00fchren, sobald der Rahmen verlassen wird, wird keine Haftung \u00fcbernommen. F\u00fcr den Inhalt der verlinkten Seiten sind die jeweiligen Autoren verantwortlich, der Webmaster \u00fcbernimmt keine Verantwortung f\u00fcr die [&hellip;]<\/p>\n","protected":false},"author":1,"featured_media":0,"parent":0,"menu_order":99,"comment_status":"open","ping_status":"open","template":"","meta":{"footnotes":""},"class_list":["post-9","page","type-page","status-publish","hentry"],"_links":{"self":[{"href":"https:\/\/www.mrprotokoll.de\/index.php?rest_route=\/wp\/v2\/pages\/9","targetHints":{"allow":["GET"]}}],"collection":[{"href":"https:\/\/www.mrprotokoll.de\/index.php?rest_route=\/wp\/v2\/pages"}],"about":[{"href":"https:\/\/www.mrprotokoll.de\/index.php?rest_route=\/wp\/v2\/types\/page"}],"author":[{"embeddable":true,"href":"https:\/\/www.mrprotokoll.de\/index.php?rest_route=\/wp\/v2\/users\/1"}],"replies":[{"embeddable":true,"href":"https:\/\/www.mrprotokoll.de\/index.php?rest_route=%2Fwp%2Fv2%2Fcomments&post=9"}],"version-history":[{"count":4,"href":"https:\/\/www.mrprotokoll.de\/index.php?rest_route=\/wp\/v2\/pages\/9\/revisions"}],"predecessor-version":[{"id":42,"href":"https:\/\/www.mrprotokoll.de\/index.php?rest_route=\/wp\/v2\/pages\/9\/revisions\/42"}],"wp:attachment":[{"href":"https:\/\/www.mrprotokoll.de\/index.php?rest_route=%2Fwp%2Fv2%2Fmedia&parent=9"}],"curies":[{"name":"wp","href":"https:\/\/api.w.org\/{rel}","templated":true}]}}